 Calculate the greatest common divisor of f and j.
19
Let f be 0/2 - (-60)/6. Let h = 2 - f. Let t = h - -17. What is the highest common factor of t and 45?
9
Let o = -8 - -16. Let h be (-2)/o - (-418)/8. What is the greatest common divisor of 13 and h?
13
Let y(v) = -v**3 + 8*v**2 - v + 7. Let w be y(8). Let h = 3 - w. Suppose 2*i + 214 = 3*b, -i = 2*b + h*i - 149. What is the greatest common factor of b and 18?
18
Suppose 0 = 2*i - 4*i + 2. Let y = 57 - 52. Suppose y*f - 59 = i. What is the highest common factor of f and 8?
4
Let b be ((-12)/15)/((-2)/(-25)). Let q = -7 - b. Let w(h) = -9*h - 3. Let s be w(-4). What is the highest common divisor of q and s?
3
Suppose 629 = -5*i - z, 4*i + 2*z = -22 - 480. Let n = -86 - i. What is the greatest common divisor of n and 16?
8
Suppose -42*j + 48*j = 318. Calculate the highest common factor of j and 477.
53
Let t = 2 - 3. Let c = 4 - t. Let s be 1/c + 89/5. What is the greatest common factor of s and 72?
18
Let z(l) = 120*l**2 - 10*l + 9. Let r be z(1). Let c be 2*2/8*34. What is the greatest common factor of c and r?
17
Let z be 0 - -11*(3 + -2). Calculate the highest common factor of z and 77.
11
Suppose -2*q = 8 - 28. Let f be (-2)/((-16)/20)*q. Calculate the highest common factor of 275 and f.
25
Let a = 2 - 1. Let z(o) = a + 3 - 14*o + 1. Let k be z(-5). What is the greatest common divisor of 30 and k?
15
Let w be 54/(-2)*6/(-18). Suppose 2*m - 202 = 2*d - 4*d, 5*d + m = 497. What is the greatest common divisor of w and d?
9
Let u be 1*(-2)/2 + 18. Let h(j) = 0*j**3 - 2 - 4*j - 4*j - 6*j**2 - 2 - 2*j**3. Let d be h(-5). Calculate the greatest common divisor of u and d.
17
Suppose j - 50 - 10 = 0. Suppose 4*t - 110 = -30. What is the highest common divisor of j and t?
20
Let w = -11 + 5. Let v be ((-50)/(-15))/((-4)/w). Let f = -3 + v. What is the greatest common divisor of 18 and f?
2
Suppose 0 = -w + 10 + 2. Let m be (-2 - -2)*(-3 - -4). Suppose -5*f + 4*f + 3 = m. What is the highest common factor of w and f?
3
Suppose -9*m = -16*m + 1029. What is the highest common factor of 21 and m?
21
Suppose -4*k + 86 = a, 3*k + 3*a + a - 71 = 0. Calculate the highest common factor of 21 and k.
21
Let k(o) be the first derivative of o**3/3 - 4*o + 1. Let y be k(3). Let c be (2 + 6/(-4))*50. What is the highest common factor of y and c?
5
Let f be (1 - 9)/(4/(-2)). Suppose -s + f + 17 = 0. What is the greatest common factor of s and 21?
21
Let w = -7 - -10. Let s(f) = -f + 9. Let v be s(0). What is the highest common factor of w and v?
3
Suppose 0*x = -3*x + 72. What is the highest common divisor of x and 168?
24
Let p be -68*(8 - -4)*(-3)/16. Calculate the highest common divisor of p and 34.
17
Suppose -4*l + 4*t + 17 = 5, -18 = -4*l - 2*t. Let a(s) = -7*s**3 - 2*s**3 + 3*s**2 - l*s**2. Let d be a(-1). Calculate the highest common divisor of d and 2.
2
Suppose -h = -0*h - 1. Let k be -6 - -4 - (h - 1). Let a = k - -9. What is the greatest common divisor of 49 and a?
7
Suppose k = -0*k + 2*z + 14, 5 = -5*z. What is the highest common divisor of k and 48?
12
Let n = 4 + 0. Calculate the greatest common factor of n and 4.
4
Let p(t) = 2*t**3 + 9*t**3 + 10*t**2 - 7*t - 12*t**3. Let a be p(9). Calculate the greatest common divisor of 144 and a.
18
Suppose 3*u + 5 = x, -x - 5*u - 3 = -0*x. Suppose -4*p - 4*k = 6 - x, -3*p + k - 3 = 0. Let f = 3 + p. What is the highest common factor of f and 3?
1
Let v(s) = -s**2 - 24. Let y be v(0). Let c = 44 + y. Let r(b) = -b**3 - 7*b**2 - 8*b - 4. Let h be r(-6). What is the greatest common divisor of h and c?
4
Let p(n) = -91*n**3. Let l be p(-1). What is the greatest common divisor of 13 and l?
13
Let c(h) = -h**2 - 5*h. Let o(t) = 2*t**2 + 5*t + 1. Let j(z) = 3*c(z) + 2*o(z). Let y be j(6). What is the greatest common factor of 8 and y?
8
Let u(n) = 10*n**2 + 5*n - 10. Let r be u(3). Let w = -9 + 28. Calculate the greatest common divisor of w and r.
19
Let h be -51 + (-5)/(10/4). Let j = -29 - h. Let d = 11 + -3. Calculate the highest common factor of d and j.
8
Let k be (30/75)/((-2)/(-50)). Suppose -5*s + k*s = 765. What is the highest common factor of s and 17?
17
Let i(r) = 14*r - 5. Let n be i(6). Suppose -n = -4*y + 89. Calculate the greatest common divisor of y and 14.
14
Let f(l) be the second derivative of l**4/3 - l**3/6 - 2*l**2 - 4*l. Let v be f(2). What is the greatest common divisor of 70 and v?
10
Suppose -2*q - 6 = -0*q + 4*d, 4*d - 4 = 0. Let i be (-2)/5 - 62/q. Calculate the highest common divisor of 108 and i.
12
Suppose -u + 28 = 5*j - 2, 5*u = 5*j - 30. What is the highest common factor of 48 and j?
6
Let p = 229 - 122. Suppose -5*l + p = 17. What is the greatest common factor of 45 and l?
9
Suppose -3*j - 14 = -2*a + 10, -3*j + 66 = 3*a. Suppose 2*z - 5*r + 2 + 5 = 0, r = 5. What is the highest common factor of z and a?
9
Let c(k) = -k + 5. Let p be c(7). Let j be p*2*22/8. Let o be (-24)/j - (-6)/(-33). What is the highest common factor of 6 and o?
2
Suppose 5*y = 5*n - 15 - 50, 0 = 5*n - 2*y - 59. What is the greatest common divisor of 1 and n?
1
Let b(v) = v**2 + 5*v + 13. Let n be b(-5). Suppose 2*l - 35 - n = -5*z, 3*z = -l + 26. What is the highest common divisor of l and 126?
14
Suppose 5 = p + i, -11 - 15 = -4*p + 2*i. Let l be (9/3)/((-2)/(-12)). Calculate the highest common factor of l and p.
6
Let i = 451 - 242. What is the greatest common divisor of i and 19?
19
Let s = -141 + 261. Suppose 24 = x + 4. What is the greatest common divisor of x and s?
20
Let l be -1*6/(-4)*2. Suppose 0 = 3*p + 3*d - 378, 259 + 245 = 4*p - l*d. What is the greatest common factor of p and 18?
18
Let n(p) = -p**3 - 12*p**2 - 6*p - 4. Let l be n(-12). Calculate the highest common factor of 17 and l.
17
Let u = 58 - 22. What is the greatest common factor of u and 180?
36
Let l(a) = 4*a - 30. Let x be l(14). Suppose 2*v - 74 = -p, -4*v - 5*p + 152 = -4*p. Calculate the highest common factor of v and x.
13
Let y = 2 - -124. What is the highest common factor of 63 and y?
63
Suppose 4*i = i + 126. Let t be i/3*(-3)/(-2). Calculate the greatest common factor of 189 and t.
21
Let i = -575 - -284. Let k = i - -412. What is the greatest common divisor of 11 and k?
11
Let o(x) = -3*x + 12. Let n be o(-8). What is the highest common factor of 18 and n?
18
Let j(a) = -a**2 + 5*a - 2. Let q be j(4). Let c = -1 + q. Let z(i) = 13*i**3 + 2*i**2 - i. Let t be z(c). Calculate the highest common factor of 126 and t.
14
Let j be ((104*39)/(-8))/((-3)/2). What is the greatest common factor of j and 26?
26
Let d = 0 - 0. Let j be -3 - (d - 1) - -7. Let w = j - 1. Calculate the highest common factor of 8 and w.
4
Let w(v) = -v**3 + 2*v**2 + 2*v + 1. Let f be w(3). Let y(o) = -4*o - 2. Let h be y(f). Calculate the greatest common divisor of 42 and h.
6
Let b be -1 - (2 - (3 - 3)). Let r(z) = -12*z + 4. Let n be r(b). What is the highest common divisor of n and 16?
8
Let c(q) = -2*q. Let k be c(-6). What is the highest common factor of 30 and k?
6
Suppose -3*n + 72 = 5*t, 5*t - 3*n + 2*n = 76. Let l be ((-36)/(-2))/(t/50). Calculate the greatest common divisor of 15 and l.
15
Suppose -9 = -j + 2*h + h, h + 25 = 4*j. Let l = -67 + 73. Calculate the greatest common factor of j and l.
6
Let q be -11*(12/3 - 3). Let b = q + 25. What is the highest common divisor of b and 21?
7
Let k be 1/(-4) + 9/4. Calculate the greatest common divisor of 2 and k.
2
Suppose 0 = 3*w - 3*f - 108, -2*f + 208 = w + 4*w. What is the highest common divisor of w and 30?
10
Let v(q) = q - 1. Let y(r) = -14*r + 8. Let l(h) = 40*v(h) + 5*y(h). Let w be l(-6). Calculate the highest common divisor of 30 and w.
30
Let x = -3 + 6. Let r be (-2)/6 + 7/x. Suppose 3*u - 4*q - 13 = 0, -3*u + q = -r*q - 15. Calculate the highest common factor of 21 and u.
7
Suppose 4*g = 12, 4*c - 7*g - 31 = -4*g. Calculate the greatest common factor of 2 and c.
2
Let l(y) = 3*y**3 - 2*y**2 + 3*y - 2. Let h be l(1). Let b(w) = -w**2 - w + 6. Let r be b(0). What is the greatest common divisor of h and r?
2
Let y = -25 + 36. Let t = y + -2. What is the highest common divisor of 72 and t?
9
Let c(x) = 7*x - 10. Suppose 0 = 3*h + 3*k - 21, 5*h - 8*h - 5*k = -27. Let b be c(h). Calculate the highest common factor of b and 27.
9
Let o b